 = 22*v + 2*a - 115. Let o(q) = -q**3 + 5*q**2 + q + 3. Let n be o(4). What is the highest common divisor of v and n?
23
Let t(y) = -y**2 + 10*y + 2. Let w be t(6). Suppose 1 = 4*m + 5, 0 = k + 5*m - 28. Let j = k - 20. What is the highest common divisor of w and j?
13
Let k = 17 + -48. Let j = k - -33. Suppose 0 = j*v - s - 7, -4*v - 4*s + s = -19. Calculate the greatest common divisor of v and 28.
4
Let o be -3 + (-1 - -29) - -2. Calculate the greatest common factor of o and 999.
27
Let b be 40/24*3 - -21. What is the highest common divisor of 208 and b?
26
Suppose 19 = 5*j - 36. What is the greatest common factor of j and 33?
11
Suppose 2*d - 40 = -4*m - 2*d, -2*m = 3*d - 25. Suppose 0 = 2*j + 4*a - 62, 0*a - m = -a. What is the greatest common factor of j and 3?
3
Let n(d) = d**2 - 31*d + 204. Let g be n(28). Calculate the highest common divisor of g and 15.
15
Let w = 93 - 15. Let k be 20*(w/(-15) - -4). Let p = -18 - k. Calculate the highest common divisor of 48 and p.
6
Let r be (-2 - -3)*-55*1/(-5). What is the greatest common factor of r and 1?
1
Let f(v) = -v**3 + 18*v**2 + 45*v - 52. Let w be f(20). Calculate the greatest common factor of 324 and w.
12
Let m = -2299 - -2306. Suppose 4 = -5*k + 14. Let j(o) = 9*o**3 - o**2 - 4*o + 3. Let c be j(k). What is the highest common factor of c and m?
7
Suppose 15*t + 31 = 19*t + 5*o, 3*t + 3*o - 24 = 0. What is the highest common factor of t and 3?
3
Suppose -2*r = 3*a - 7*r - 10, r + 2 = 0. Suppose 5*w - 63 = -5*x + 3*x, a = 5*x + 4*w - 166. What is the greatest common divisor of x and 17?
17
Let r(j) = -j**2 - 2*j + 4. Let p be r(0). Suppose -7*h = 3*x - p*h - 21, h - 3 = 0. Calculate the highest common divisor of 10 and x.
2
Let h = -93 + 128. Let r be (-1 - -1)/(2/(-2)). Suppose -2*j + r*j = -10. What is the highest common divisor of h and j?
5
Suppose -j = -40 - 28. What is the highest common divisor of 289 and j?
17
Let l = 866 - 855. What is the greatest common divisor of 88 and l?
11
Let n = -453 + 696. Calculate the highest common factor of 27 and n.
27
Let n be 5/(-25)*-25 + 11. Suppose -6*z + 2*z = -8. Suppose 0 = 3*p + i - 14, 0 = 3*p - 3*i + z - 8. Calculate the highest common factor of n and p.
4
Let v be (1 + -76)*(0 + (-12)/18). Let r = v - 43. What is the greatest common factor of r and 35?
7
Let l(i) = -i**3 + 8*i**2 + 9*i + 8. Suppose -24 = -3*r - 3*d, 0*d = -d. Let y be 42/15*20/r. Let p be l(y). Calculate the highest common factor of p and 24.
24
Let x = -29 - -28. Let z = 11 + x. What is the highest common factor of 110 and z?
10
Let y be 1/((-2)/(-3)*4/24). Let w be ((-2)/y)/((-13)/117). Calculate the greatest common divisor of 14 and w.
2
Let t(k) = -3*k**3 - 13*k**2 - 12*k + 52. Let p be t(-7). Calculate the highest common factor of p and 198.
66
Suppose 6*x = 5*l + 2*x - 11, 0 = -l - x + 4. Let t = -12 + l. Let g be t/((-28)/12 + 2). Calculate the highest common divisor of g and 18.
9
Let x(w) = w**3 - w**2 - 4*w - 6. Let k be x(-4). Let q(m) = -5*m + 80. Let f be q(20). Let g be 240/7 - f/k. Calculate the highest common divisor of g and 51.
17
Let g(c) = 6*c**2 - 2*c - 2. Let l be g(2). Suppose 28*x - 90 = 27*x. What is the highest common factor of x and l?
18
Suppose 3*t - 6 = 0, 2*t - 649 = 4*s - 7*s. What is the greatest common divisor of 172 and s?
43
Let y be (-2)/17 - (-16074)/799. Let m = 33 + -23. What is the highest common factor of m and y?
10
Let f be ((-576)/(-15))/((-3)/(-15)). Let n be f/36*21/4. Suppose 41 - 181 = -2*m. Calculate the highest common factor of n and m.
14
Suppose -90 = -2*m - 2*m + 2*l, 3*l = -m + 5. Let h = -4715 + 4855. What is the greatest common factor of m and h?
20
Suppose -12*d + 534 = -2634. Calculate the greatest common divisor of d and 66.
66
Suppose -14*n + 134 + 594 = 0. What is the greatest common divisor of n and 143?
13
Let q(r) = -8*r - 2. Let g be q(-2). Suppose -5*l - g = -4. Let a be (24/(-10))/l*15. What is the highest common divisor of a and 108?
18
Let y(z) = -37*z - 392. Let b be y(-12). Calculate the highest common divisor of 13 and b.
13
Suppose -3*h + 957 = 2*g, -h - 17*g + 16*g = -319. Calculate the highest common divisor of h and 33.
11
Let y = 1 - -1. Suppose -5*q = -4*w - 3, 9 = -4*w + q + y. Let g be (1 - w) + 738/6. What is the greatest common factor of g and 18?
18
Let u be (-2 + -1 - -3)*-1. Suppose 2*a - 46 + 6 = u. Let z = -2 - -6. Calculate the greatest common factor of a and z.
4
Let a be (12/(-10))/(3/(-10)). Suppose -r + 10 = 2*c, 6*r + 52 = 10*r + 5*c. Let h be (-1568)/(-36) + 8/r. What is the highest common divisor of a and h?
4
Suppose 3*y = -5*i + 13, -4*i - 34 = 2*y - 7*y. Let u = 16 - y. Calculate the highest common factor of 2 and u.
2
Let d = 55 + -13. Let j = d - 10. Calculate the greatest common factor of 256 and j.
32
Suppose 5*f + 100 = 10*f. Let a(j) = 5*j - 1. Let r be a(f). Let k(y) = y**3 + 4*y**2 - 8*y - 4. Let s be k(-5). What is the highest common factor of r and s?
11
Let o(k) = -3*k**3 + 58*k**2 - 21*k + 54. Let d be o(19). Calculate the highest common factor of d and 92.
4
Suppose 2*t - 5*u + 14 = 0, 5*t - 2*u + 18 = 2*u. Let f be 343/35 - t/10. Calculate the highest common factor of 40 and f.
10
Let l(w) = 5*w + 605. Let k be l(-79). Calculate the greatest common factor of k and 490.
70
Let d(m) be the second derivative of -m**3/3 + m**2 + m. Let y be d(-3). What is the highest common factor of y and 88?
8
Let c = -4 - -5. Let j be (4/6)/1*3. Suppose -3*f + 7 = -j. Calculate the greatest common factor of c and f.
1
Let s be 27352/180 - 10/(-225). Let f = 20 + -1. Calculate the greatest common factor of f and s.
19
Let c(u) = u**2 - 2*u - 5. Let y be c(-3). Calculate the highest common divisor of y and 10.
10
Suppose -106*p + 93*p = -1404. What is the greatest common divisor of 54 and p?
54
Let t(b) = -b**2 - 7*b + 10. Let z be t(-8). Suppose -5*r + 105 = -3*w, 0 = r - 4*r + 5*w + 79. Calculate the greatest common factor of r and z.
2
Let h be 290/(-35) - (-3 - (-38)/14). Let i be (12/5 + 0)*(-60)/h. Calculate the greatest common divisor of i and 36.
18
Let r = 382 + -347. Suppose 25 = 5*d - 0*d. What is the greatest common divisor of r and d?
5
Suppose 2*d - 192 = 2*i + 210, -4*d + 2*i = -804. Calculate the greatest common divisor of 67 and d.
67
Let h(a) be the second derivative of 7*a**3/6 - 3*a**2/2 + 6*a. Let y be h(3). Calculate the highest common factor of 2 and y.
2
Let w be 345/4 + -5 - (-3)/(-12). Calculate the highest common divisor of 189 and w.
27
Suppose -2*d = 0, 0 = -4*t + 6*t + d - 46. Let b = -20 + t. What is the greatest common factor of 12 and b?
3
Suppose 0 = -8*w + 9*w. Suppose t = -w*t - 6. Let b be -1*93/2*t. What is the greatest common divisor of b and 31?
31
Let h be ((-16)/6)/((-6)/9). Suppose i = a - 30, -202 = -5*a - i - 46. Let w = -23 + a. What is the greatest common factor of h and w?
4
Suppose -4*i = 5*r - 170, 5*r - 6 = 2*r. Let l(m) = -m**3 - 10*m**2 - 45*m - 216. Let p be l(-8). What is the highest common divisor of i and p?
8
Let j = -66 - 264. Let x be (3/1)/((-9)/j). Suppose 0 = -5*f + 64 + 46. What is the highest common divisor of x and f?
22
Suppose -61 = 19*i - 821. What is the greatest common factor of i and 65?
5
Let s(y) = y**3 - y**2 - 2. Let a be s(2). Let k be 0/(-4*a/(-8)). Suppose -m + 4*m - 69 = k. What is the highest common factor of m and 46?
23
Let q(u) = -2*u**2 - 18*u - 4. Let k(j) = -4*j - 40. Let b be k(-8). Let y be q(b). Calculate the highest common divisor of y and 108.
12
Let r(a) be the third derivative of a**5/60 + 13*a**4/24 + 13*a**3/6 - 3*a**2. Let x be r(-13). What is the highest common factor of x and 52?
13
Suppose -9 = -6*i - 21. Let j(f) = -12*f - 5. Let v be j(i). Let p = v + -2. What is the highest common divisor of 51 and p?
17
Suppose 47*k + 6*k = 742. Calculate the highest common factor of 686 and k.
14
Let w be (-1110)/(-75) - 1/(-5). Calculate the greatest common divisor of w and 70.
5
Let o be (2/(-4))/((-2)/52). Let s(l) = l + 8. Let n be s(o). Let r(w) = 4*w**2 - 2*w + 2. Let p be r(2). Calculate the highest common factor of n and p.
7
Suppose -7*z + 6*z = 4*g - 194, -z - 2*g = -186. What is the greatest common factor of 2225 and z?
89
Let a be (-1 - -471)*(-7)/(-14). Suppose -5*s - 2*t =